{"id":2165,"date":"2023-09-09T13:19:30","date_gmt":"2023-09-09T12:19:30","guid":{"rendered":"https:\/\/cg.inf.elte.hu\/?page_id=2165"},"modified":"2024-02-14T11:43:51","modified_gmt":"2024-02-14T10:43:51","slug":"grafika-bsc-gyakorlat-anyagok","status":"publish","type":"page","link":"https:\/\/cg.inf.elte.hu\/index.php\/grafika-bsc-gyakorlat-anyagok\/","title":{"rendered":"Grafika BSc Gyakorlat anyagok"},"content":{"rendered":"\n<p><strong>( FEJLESZT\u00c9S ALATT)<\/strong><\/p>\n\n\n\n<p>C++ szintfelm\u00e9r? tesztet itt tal\u00e1lj\u00e1tok:&nbsp;<a rel=\"noreferrer noopener\" href=\"https:\/\/cg.inf.elte.hu\/wp-content\/uploads\/2018\/02\/C-teszt.pdf\" target=\"_blank\">https:\/\/cg.inf.elte.hu\/wp-content\/uploads\/2018\/02\/C-teszt.pdf<\/a>.<\/p>\n\n\n\n<p>Hogyan t\u00f6lts\u00fcnk fel beadand\u00f3t? Le\u00edr\u00e1s <a href=\"https:\/\/ikelte.sharepoint.com\/:u:\/s\/SzmtgpesGrafikaBScgyakorlatHttrhatalom\/ERy3J7QMIDRCvvXp7UGhoG8B14lnGvjhpo7hs_b2x65lNA?e=mWMiGe\" data-type=\"URL\" target=\"_blank\" rel=\"noreferrer noopener\">itt<\/a>.<\/p>\n\n\n\n<h2 class=\"wp-block-heading\">Sz\u00fcks\u00e9ges eszk\u00f6z\u00f6k<\/h2>\n\n\n\n<p>Microsoft Visual Studio 2022<br>Legal\u00e1bb az ingyenesen haszn\u00e1lhat\u00f3 Community verzi\u00f3 kell, de haszn\u00e1lhat\u00f3 Professional vagy Enterprise verzi\u00f3 is (hab\u00e1r nem haszn\u00e1ljuk ki ?ket).<br>A Community let\u00f6lthet?: <a href=\"https:\/\/visualstudio.microsoft.com\/vs\/community\/\">https:\/\/visualstudio.microsoft.com\/vs\/community\/<\/a><br><strong>FONTOS<\/strong>: a &#8220;Desktop Development with C++&#8221; csomag legyen bekapcsolva telep\u00edt\u00e9skor! Ha m\u00e9gis lemaradt volna, ut\u00f3lag felrakhat\u00f3 a Tools &gt; Get tools and features&#8230; men\u00fcb?l.<\/p>\n\n\n\n<p>Microsoft vcpkg csomagkezel? \u00e9s a gyakorlathoz haszn\u00e1lt csomagok telep\u00edt\u00e9se: <a href=\"https:\/\/ikelte.sharepoint.com\/:u:\/r\/sites\/SzmtgpesGrafikaBScgyakorlatHttrhatalom\/SitePages\/Visual-Studio-2022-C++-modul-%C3%A9s-vcpkg-telep%C3%ADt%C3%A9se.aspx?csf=1&amp;web=1&amp;share=ER2Yh81tVVREqOcO4-uzJAoBNYuREJMuglcHbUuYKu6rsg&amp;e=bWwaAO\" data-type=\"URL\" target=\"_blank\" rel=\"noreferrer noopener\">itt<\/a><\/p>\n\n\n\n<p><strong>Opcion\u00e1lis<\/strong>, de nagyon hasznos a GLSL kieg\u00e9sz\u00edt? telep\u00edt\u00e9se is.<br><a href=\"https:\/\/marketplace.visualstudio.com\/items?itemName=DanielScherzer.GLSL2022\">https:\/\/marketplace.visualstudio.com\/items?itemName=DanielScherzer.GLSL2022<\/a><\/p>\n\n\n\n<h2 class=\"wp-block-heading\">R\u00e9gebbi anyagok (2023 ?sze el?tt)<\/h2>\n\n\n\n<p><a href=\"https:\/\/cg.inf.elte.hu\/index.php\/grafika-bsc-gyakorlat-anyagok-regi-bef2023\/\">https:\/\/cg.inf.elte.hu\/index.php\/grafika-bsc-gyakorlat-anyagok-regi-bef2023\/<\/a><\/p>\n","protected":false},"excerpt":{"rendered":"<p>( FEJLESZT\u00c9S ALATT) C++ szintfelm\u00e9r? tesztet itt tal\u00e1lj\u00e1tok:&nbsp;https:\/\/cg.inf.elte.hu\/wp-content\/uploads\/2018\/02\/C-teszt.pdf. Hogyan t\u00f6lts\u00fcnk fel beadand\u00f3t? Le\u00edr\u00e1s itt. Sz\u00fcks\u00e9ges eszk\u00f6z\u00f6k Microsoft Visual Studio 2022Legal\u00e1bb az ingyenesen haszn\u00e1lhat\u00f3 Community verzi\u00f3 kell, de haszn\u00e1lhat\u00f3 Professional vagy Enterprise verzi\u00f3 is (hab\u00e1r nem&#8230;<\/p>\n","protected":false},"author":1002,"featured_media":0,"parent":0,"menu_order":0,"comment_status":"closed","ping_status":"closed","template":"","meta":{"inline_featured_image":false,"footnotes":""},"class_list":["post-2165","page","type-page","status-publish","hentry"],"_links":{"self":[{"href":"https:\/\/cg.inf.elte.hu\/index.php\/wp-json\/wp\/v2\/pages\/2165","targetHints":{"allow":["GET"]}}],"collection":[{"href":"https:\/\/cg.inf.elte.hu\/index.php\/wp-json\/wp\/v2\/pages"}],"about":[{"href":"https:\/\/cg.inf.elte.hu\/index.php\/wp-json\/wp\/v2\/types\/page"}],"author":[{"embeddable":true,"href":"https:\/\/cg.inf.elte.hu\/index.php\/wp-json\/wp\/v2\/users\/1002"}],"replies":[{"embeddable":true,"href":"https:\/\/cg.inf.elte.hu\/index.php\/wp-json\/wp\/v2\/comments?post=2165"}],"version-history":[{"count":17,"href":"https:\/\/cg.inf.elte.hu\/index.php\/wp-json\/wp\/v2\/pages\/2165\/revisions"}],"predecessor-version":[{"id":2285,"href":"https:\/\/cg.inf.elte.hu\/index.php\/wp-json\/wp\/v2\/pages\/2165\/revisions\/2285"}],"wp:attachment":[{"href":"https:\/\/cg.inf.elte.hu\/index.php\/wp-json\/wp\/v2\/media?parent=2165"}],"curies":[{"name":"wp","href":"https:\/\/api.w.org\/{rel}","templated":true}]}}